{"id":3885,"date":"2018-10-30T09:44:10","date_gmt":"2018-10-30T09:44:10","guid":{"rendered":"https:\/\/www.alessandradainelli.com\/?page_id=3885"},"modified":"2018-10-30T16:12:25","modified_gmt":"2018-10-30T16:12:25","slug":"privacy-policy","status":"publish","type":"page","link":"https:\/\/www.alessandradainelli.com\/index.php\/privacy-policy\/","title":{"rendered":"Privacy policy"},"content":{"rendered":"<div class=\"flex_column av_one_full  flex_column_div av-zero-column-padding first  \" style='border-radius:0px; '><section class=\"av_textblock_section \"  itemscope=\"itemscope\" itemtype=\"https:\/\/schema.org\/CreativeWork\" ><div class='avia_textblock  '   itemprop=\"text\" ><p><span style=\"color: #ff0007;\">Privacy Policy<\/span><\/p>\n<p>Gentile utente,<\/p>\n<p>ringraziandoti per aver visitato il nostro sito, nelle seguenti informazioni troverai tutte le indicazioni utili a comprendere le finalit\u00e0 e modalit\u00e0 di trattamento dei tuoi dati personali in qualit\u00e0 di visitatore, oltre ad ogni altra informazione prevista dall\u2019art. 13 e 14 dal Regolamento generale sulla protezione dei dati UE 2016\/679 (\u201cGDPR\u201d).<\/p>\n<p>L\u2019informativa riguarda solo questo sito e non anche altri siti web, portali, sezioni\/pagine\/spazi collegati mediante link, di titolarit\u00e0 di terzi o di ALESSANDRA DAINELLI, per i quali si rimanda alle rispettive informative.<\/p>\n<p><strong>1. Chi \u00e8 il Titolare del trattamento?<\/strong><\/p>\n<p>Il titolare del trattamento \u00e8 ALESSANDRA DAINELLI con sede legale in via Carlo Botta 9,\u00a020135 Milano (MI) e pu\u00f2 essere contattata via email: info@alessandradainelli.com<\/p>\n<p><strong>2. Che tipologia di dati trattiamo e per quanto tempo li conserviamo?<\/strong><\/p>\n<p>a) Dati di navigazione<\/p>\n<p>I sistemi informatici e le procedure software preposte al funzionamento di questo sito acquisiscono, nel normale esercizio e per la sola durata della connessione, alcuni dati che vengono poi trasmessi implicitamente nell\u2019uso dei protocolli di comunicazione Internet.<\/p>\n<p>Tali informazioni non vengono raccolte con lo scopo di associarle agli utenti ma, per loro stessa natura, potrebbero, attraverso elaborazioni ed associazioni con dati detenuti da terzi, permettere di identificarli. Queste dati vengono cancellati poche ore dopo l\u2019elaborazione.<\/p>\n<p>b) Cookie<\/p>\n<p>Il presente sito utilizza cookies o marcatori, che tecnicamente sono pacchetti di informazioni inviate da un web server (in questo caso, dal presente sito) al browser del utente e da quest\u2019ultimo memorizzati sul proprio dispositivo (personal computer, tablet, cellulare, ecc.) e rinviati automaticamente al server ad ogni successivo accesso al sito.<\/p>\n<p>Per conoscere la le tipologie e le finalit\u00e0 dei cookie utilizzati dai siti di ALESSANDRA DAINELLI e manifestare le tue preferenze in merito all\u2019uso dei cookie, puoi consultare l\u2019apposita Cookie Policy.<\/p>\n<p>c) Dati forniti volontariamente dagli utenti\/visitatori<\/p>\n<p>Qualora collegandoti a questo sito deciderai, laddove previsto, di inviare i tuoi dati personali (per esempio: nome, cognome, indirizzo email) per accedere a determinati servizi, ovvero, per effettuare richieste via posta elettronica, ALESSANDRA DAINELLI tratter\u00e0 tali dati per rispondere alla tua richiesta, ovvero per fornirti il servizio da te richiesto in conformit\u00e0 con la presente informativa e le specifiche informative privacy rese in fase di adesione ai singoli servizi. I dati verranno conservati per il tempo necessario ad erogare il servizio richiesto e per gestire eventuali contestazioni.<\/p>\n<p>I tuoi dati personali verranno comunicati a terzi solo nel caso in cui la comunicazione sia necessaria per ottemperare alle richieste degli utenti medesimi, come precisato nelle informative specifiche dei singoli servizi, o per semplificare \u2013 su tua richiesta &#8211; le operazioni di registrazione a siti\/applicazioni di terzi.<\/p>\n<p>Non ti verranno richiesti dati sulla salute e, in generale, categorie particolari di dati personali richiamati dall&#8217;articolo 9 del GDPR (sensibili, biometrici, genetici e penali).<\/p>\n<p><strong>3. Con quale modalit\u00e0 vengono trattati i tuoi dati?<\/strong><\/p>\n<p>I tuoi dati sono trattati con il supporto di mezzi informatici e telematici e sono protetti attraverso adeguate misure di sicurezza idonee a garantirne la riservatezza e l\u2019integrit\u00e0.<\/p>\n<p>In particolare, ALESSANDRA DAINELLI ha adottato e adotta misure organizzative (distribuzione di ruoli e responsabilit\u00e0 nell\u2019esecuzione dell\u2019attivit\u00e0 e dei controlli), procedurali e tecniche (firewall, antivirus ed altre avanzate tecnologie) appropriate per proteggere i tuoi dati contro la perdita, il furto, nonch\u00e9 l&#8217;uso, la divulgazione o la modifica non autorizzata.<\/p>\n<p><strong>4. Quali sono la finalit\u00e0 e la base giuridica del trattamento?<\/strong><\/p>\n<p>ALESSANDRA DAINELLI tratta i tuoi dati di navigazione anonimi di cui al punto 2.a al fine di monitorare il funzionamento tecnico e le prestazioni del sito, per capire come migliorare i servizi e farli evolvere. Tali dati sono necessari a garantire l\u2019erogazione del sito.<\/p>\n<p>I dati di cui al punto 2.b vengono utilizzati al solo scopo di ricavare informazioni statistiche anonime sull\u2019uso del sito e per controllarne il corretto funzionamento (sono pertanto necessari a garantire l\u2019erogazione del sito) , come meglio spiegato nella nostra Cookie Policy.<\/p>\n<p>Quando i servizi offerti dal sito sono gratuiti e sostenuti dalle inserzioni pubblicitarie, la base giuridica del trattamento \u00e8 il legittimo interesse del Titolare espressamente previsto dal GDPR. (leggi sopra punto 2.b).<\/p>\n<p>Per quanto riguarda i dati di cui al punto 2.c ti invitiamo a leggere le informative specifiche dei singoli servizi.<\/p>\n<p><strong>5. A chi possono essere comunicati i tuoi dati?<\/strong><\/p>\n<p>I dati anonimi di cui ai punti 2.a e 2.b potrebbero essere comunicati a partner e fornitori che supportano ALESSANDRA DAINELLI nell\u2019erogazione del presente sito. Qualora ALESSANDRA DAINELLI dovesse comunicare i tuoi dati personali a terzi (per esempio in merito ai servizi a cui ti sei registrato), questi agiranno in qualit\u00e0 di Titolari autonomi o saranno nominati da ALESSANDRA DAINELLI quali Responsabili del trattamento. Potrai richiedere l\u2019elenco aggiornato di tali Responsabili al seguente indirizzo e mail: info@alessandradainelli.com.<\/p>\n<p>Inoltre, i tuoi dati potrebbero essere comunicati a soggetti, enti o autorit\u00e0 a cui la comunicazione dei dati sia obbligatoria in per legge.<\/p>\n<p><strong>6. Quali sono i tuoi diritti?<\/strong><\/p>\n<p>In ogni momento puoi accedere alle informazioni che ti riguardano e chiederne l&#8217;aggiornamento, la rettificazione e l&#8217;integrazione, nonch\u00e9 la cancellazione, la trasformazione in forma anonima o il blocco. Potrai altres\u00ec opporsi in tutto o in parte al trattamento.<\/p>\n<p>Per esercitare questi e gli altri diritti di cui agli articoli 15-22 del GDPR, puoi scrivere ad ALESSANDRA DAINELLI, via Carlo Botta 9,\u00a020135 Milano\u00a0(MI) , oppure inviare una email al seguente indirizzo e mail: info@alessandradainelli.com.<\/p>\n<p>Inoltre, hai il diritto di rivolgerti al Garante per la protezione dei dati personali o ad altra autorit\u00e0 per proporre un reclamo in merito al trattamento dei tuoi dati personali.<\/p>\n<p><strong>7. DPO (Data Protection Officer)<\/strong><\/p>\n<p>ALESSANDRA DAINELLI ha nominato un responsabile della protezione dei dati personali in conformit\u00e0 agli artt. 37 ss. Del GDPR che pu\u00f2 essere contattato al seguente indirizzo e mail: info@alessandradainelli.com<\/p>\n<p><strong>8. Modifiche e aggiornamenti<\/strong><\/p>\n<p>La presente informativa pu\u00f2 subire modifiche nel tempo \u2013 anche connesse all\u2019eventuale entrata in vigore di nuove normative di settore, all\u2019aggiornamento o erogazione di nuovi servizi ovvero ad intervenute innovazioni tecnologiche \u2013 per cui ti invitiamo a consultare periodicamente questa pagina.<\/p>\n<\/div><\/section><\/div>\n","protected":false},"excerpt":{"rendered":"","protected":false},"author":2,"featured_media":0,"parent":0,"menu_order":0,"comment_status":"closed","ping_status":"closed","template":"","meta":[],"_links":{"self":[{"href":"https:\/\/www.alessandradainelli.com\/index.php\/wp-json\/wp\/v2\/pages\/3885"}],"collection":[{"href":"https:\/\/www.alessandradainelli.com\/index.php\/wp-json\/wp\/v2\/pages"}],"about":[{"href":"https:\/\/www.alessandradainelli.com\/index.php\/wp-json\/wp\/v2\/types\/page"}],"author":[{"embeddable":true,"href":"https:\/\/www.alessandradainelli.com\/index.php\/wp-json\/wp\/v2\/users\/2"}],"replies":[{"embeddable":true,"href":"https:\/\/www.alessandradainelli.com\/index.php\/wp-json\/wp\/v2\/comments?post=3885"}],"version-history":[{"count":7,"href":"https:\/\/www.alessandradainelli.com\/index.php\/wp-json\/wp\/v2\/pages\/3885\/revisions"}],"predecessor-version":[{"id":4388,"href":"https:\/\/www.alessandradainelli.com\/index.php\/wp-json\/wp\/v2\/pages\/3885\/revisions\/4388"}],"wp:attachment":[{"href":"https:\/\/www.alessandradainelli.com\/index.php\/wp-json\/wp\/v2\/media?parent=3885"}],"curies":[{"name":"wp","href":"https:\/\/api.w.org\/{rel}","templated":true}]}}